{"id":49,"date":"2019-09-21T22:05:27","date_gmt":"2019-09-21T20:05:27","guid":{"rendered":"https:\/\/testms.renovabis.sk\/?page_id=49"},"modified":"2019-10-16T18:03:03","modified_gmt":"2019-10-16T16:03:03","slug":"kontakt","status":"publish","type":"page","link":"https:\/\/ms.renovabis.sk\/?page_id=49","title":{"rendered":"Kontakt"},"content":{"rendered":"<div class=\"wp-bootstrap-blocks-row row\">\n\t\n\n<div class=\"col-12 col-md-6\">\n\t\t\t\n\n<p><strong>Adresa:<\/strong><br>Kancel\u00e1ria koordin\u00e1tora programu Renovabis<br>N\u00e1mestie SNP 19<br>975 90 Bansk\u00e1 Bystrica<br>Slovensko<\/p>\n\n\t<\/div>\n\n\n\n<div class=\"col-12 col-md-6\">\n\t\t\t\n\n<p><strong>Kontaktn\u00e1 osoba:<\/strong><br>Ing. J\u00e1n Gyulai<br>E-mail: granty.bb (at) rcc.sk<br>Phone: +421 908 148 878 <\/p>\n\n\t<\/div>\n\n<\/div>\n\n\n\n<p><\/p>\n","protected":false},"excerpt":{"rendered":"","protected":false},"author":1,"featured_media":0,"parent":0,"menu_order":0,"comment_status":"closed","ping_status":"closed","template":"","meta":{"footnotes":""},"class_list":["post-49","page","type-page","status-publish","hentry"],"_links":{"self":[{"href":"https:\/\/ms.renovabis.sk\/index.php?rest_route=\/wp\/v2\/pages\/49"}],"collection":[{"href":"https:\/\/ms.renovabis.sk\/index.php?rest_route=\/wp\/v2\/pages"}],"about":[{"href":"https:\/\/ms.renovabis.sk\/index.php?rest_route=\/wp\/v2\/types\/page"}],"author":[{"embeddable":true,"href":"https:\/\/ms.renovabis.sk\/index.php?rest_route=\/wp\/v2\/users\/1"}],"replies":[{"embeddable":true,"href":"https:\/\/ms.renovabis.sk\/index.php?rest_route=%2Fwp%2Fv2%2Fcomments&post=49"}],"version-history":[{"count":9,"href":"https:\/\/ms.renovabis.sk\/index.php?rest_route=\/wp\/v2\/pages\/49\/revisions"}],"predecessor-version":[{"id":98,"href":"https:\/\/ms.renovabis.sk\/index.php?rest_route=\/wp\/v2\/pages\/49\/revisions\/98"}],"wp:attachment":[{"href":"https:\/\/ms.renovabis.sk\/index.php?rest_route=%2Fwp%2Fv2%2Fmedia&parent=49"}],"curies":[{"name":"wp","href":"https:\/\/api.w.org\/{rel}","templated":true}]}}